{"id":472,"date":"2021-10-18T07:14:26","date_gmt":"2021-10-18T07:14:26","guid":{"rendered":"http:\/\/sustinwater.icpm.tuiasi.ro\/?page_id=472"},"modified":"2021-11-02T08:51:53","modified_gmt":"2021-11-02T08:51:53","slug":"dr-george-barjoveanu","status":"publish","type":"page","link":"https:\/\/sustinwater.icpm.tuiasi.ro\/index.php\/echipa\/dr-george-barjoveanu\/","title":{"rendered":"Dr. George Barjoveanu"},"content":{"rendered":"\n<div class=\"wp-block-image\"><figure class=\"alignleft size-full\"><img loading=\"lazy\" width=\"160\" height=\"160\" src=\"http:\/\/sustinwater.icpm.tuiasi.ro\/wp-content\/uploads\/GB.jpg\" alt=\"\" class=\"wp-image-493\" srcset=\"https:\/\/sustinwater.icpm.tuiasi.ro\/wp-content\/uploads\/GB.jpg 160w, https:\/\/sustinwater.icpm.tuiasi.ro\/wp-content\/uploads\/GB-150x150.jpg 150w\" sizes=\"(max-width: 160px) 100vw, 160px\" \/><figcaption>dr. George Barjoveanu<\/figcaption><\/figure><\/div>\n\n\n\n<p>Dr.ing. George B\u00e2rjoveanu este conferentiar la Departamentul de Ingineria \u0219i Managementul Mediului, Facultatea de Inginerie Chimic\u0103 \u0219i Protec\u021bia Mediului, Universitatea Tehnic\u0103 \u201eGheorghe Asachi\u201d din Ia\u0219i. A absolvit \u00een 2004 programul de licen\u021b\u0103 Ingineria \u0219i protec\u021bia mediului \u00een industrie, \u00een 2005 programul de masterat Managementul mediului, iar din 2009 este doctor \u00een Inginerie Chimic\u0103. <\/p>\n\n\n\n<p>Activitatea sa didactic\u0103 \u0219i de cercetare include domeniile: tehnologii de epurare avansata apelor uzate, managementul mediului \u015fi evaluari de sustenabilitate (evaluarea ciclului de viata, evaluari de mediu).<\/p>\n\n\n\n<p>Donload CV:<\/p>\n\n\n\n<div class=\"wp-block-file\"><a href=\"http:\/\/sustinwater.icpm.tuiasi.ro\/wp-content\/uploads\/CV-GBarjoveanu-RO-2021.pdf\">CV-GBarjoveanu-RO-2021<\/a><a href=\"http:\/\/sustinwater.icpm.tuiasi.ro\/wp-content\/uploads\/CV-GBarjoveanu-RO-2021.pdf\" class=\"wp-block-file__button\" download>Download<\/a><\/div>\n\n\n\n<div class=\"wp-block-file\"><a href=\"http:\/\/sustinwater.icpm.tuiasi.ro\/wp-content\/uploads\/CV_GBarjoveanu_EN_2021.pdf\">CV_GBarjoveanu_EN_2021<\/a><a href=\"http:\/\/sustinwater.icpm.tuiasi.ro\/wp-content\/uploads\/CV_GBarjoveanu_EN_2021.pdf\" class=\"wp-block-file__button\" download>Download<\/a><\/div>\n\n\n\n<p>go to: <a href=\"http:\/\/sustinwater.icpm.tuiasi.ro\/index.php\/project-team\/dr-george-barjoveanu-eng\/\" data-type=\"page\">&lt;English bio<\/a>> &lt;<a href=\"http:\/\/sustinwater.icpm.tuiasi.ro\/index.php\/echipa\/\" data-type=\"page\" data-id=\"79\">Echipa proiectului<\/a>><\/p>\n","protected":false},"excerpt":{"rendered":"<p>Dr.ing. George B\u00e2rjoveanu este conferentiar la Departamentul de Ingineria \u0219i Managementul Mediului, Facultatea de Inginerie Chimic\u0103 \u0219i Protec\u021bia Mediului, Universitatea Tehnic\u0103 \u201eGheorghe Asachi\u201d din Ia\u0219i. A absolvit \u00een 2004 programul de licen\u021b\u0103 Ingineria \u0219i protec\u021bia mediului \u00een industrie, \u00een 2005 programul de masterat Managementul mediului, iar din 2009 este doctor \u00een Inginerie Chimic\u0103. Activitatea sa &hellip; <a href=\"https:\/\/sustinwater.icpm.tuiasi.ro\/index.php\/echipa\/dr-george-barjoveanu\/\" class=\"more-link\">Continue reading <span class=\"screen-reader-text\">Dr. George Barjoveanu<\/span><\/a><\/p>\n","protected":false},"author":1,"featured_media":0,"parent":79,"menu_order":0,"comment_status":"closed","ping_status":"closed","template":"","meta":[],"_links":{"self":[{"href":"https:\/\/sustinwater.icpm.tuiasi.ro\/index.php\/wp-json\/wp\/v2\/pages\/472"}],"collection":[{"href":"https:\/\/sustinwater.icpm.tuiasi.ro\/index.php\/wp-json\/wp\/v2\/pages"}],"about":[{"href":"https:\/\/sustinwater.icpm.tuiasi.ro\/index.php\/wp-json\/wp\/v2\/types\/page"}],"author":[{"embeddable":true,"href":"https:\/\/sustinwater.icpm.tuiasi.ro\/index.php\/wp-json\/wp\/v2\/users\/1"}],"replies":[{"embeddable":true,"href":"https:\/\/sustinwater.icpm.tuiasi.ro\/index.php\/wp-json\/wp\/v2\/comments?post=472"}],"version-history":[{"count":6,"href":"https:\/\/sustinwater.icpm.tuiasi.ro\/index.php\/wp-json\/wp\/v2\/pages\/472\/revisions"}],"predecessor-version":[{"id":859,"href":"https:\/\/sustinwater.icpm.tuiasi.ro\/index.php\/wp-json\/wp\/v2\/pages\/472\/revisions\/859"}],"up":[{"embeddable":true,"href":"https:\/\/sustinwater.icpm.tuiasi.ro\/index.php\/wp-json\/wp\/v2\/pages\/79"}],"wp:attachment":[{"href":"https:\/\/sustinwater.icpm.tuiasi.ro\/index.php\/wp-json\/wp\/v2\/media?parent=472"}],"curies":[{"name":"wp","href":"https:\/\/api.w.org\/{rel}","templated":true}]}}