{"id":1006,"date":"2021-12-02T10:15:45","date_gmt":"2021-12-02T10:15:45","guid":{"rendered":"http:\/\/sustinwater.icpm.tuiasi.ro\/?page_id=1006"},"modified":"2021-12-02T12:21:35","modified_gmt":"2021-12-02T12:21:35","slug":"etapa-1","status":"publish","type":"page","link":"https:\/\/sustinwater.icpm.tuiasi.ro\/index.php\/rezultatele-proiectului\/etapa-1\/","title":{"rendered":"Rezultate Etapa 1 (2021)"},"content":{"rendered":"\n<p id=\"top\"><a href=\"#rezumat\">Rezumatul etapei I (2021)<\/a> \/ <a href=\"#indicatori\" data-type=\"internal\" data-id=\"#indicatori\">Indicatori de rezultat <\/a><\/p>\n\n\n\n<p class=\"has-small-font-size\">go to: <a href=\"http:\/\/sustinwater.icpm.tuiasi.ro\/index.php\/rezultate-etapa-2-2022\/\" data-type=\"page\" data-id=\"1072\">Rezultate Etapa 2 <\/a>\/ <a href=\"http:\/\/sustinwater.icpm.tuiasi.ro\/index.php\/rezultate-etapa-3\/\" data-type=\"page\" data-id=\"1084\">Rezultate etapa 3 <\/a>\/ <a href=\"http:\/\/sustinwater.icpm.tuiasi.ro\/index.php\/project-results-phase-1-2021\/\">English version<\/a> \/ <a href=\"http:\/\/sustinwater.icpm.tuiasi.ro\/wp-content\/uploads\/SUSTINWATER_Scurt_RST-Etapa-1_2021.pdf\">Download Rezumat RST Etapa 1 2021<\/a><\/p>\n\n\n\n<h1 id=\"rezumat\">Rezumatul Etapei I (2021)<\/h1>\n\n\n\n<p>\u00cen cadrul Etapei 1 (2021) a proiectului intitulat <em>Solu\u0163ii inovative \u0219i sustenabile pentru eliminarea poluan\u021bilor prioritari \u0219i emergen\u021bi prin procese de epurare avansat\u0103 a apelor uzate (SUSTINWATER) <\/em>au fost&nbsp; prev\u0103zute un num\u0103r de 3 activit\u0103\u021bi de cercetare stiintifica. Toate activit\u0103\u021bile au fost realizate complet \u0219i la timp, ceea ce a condus la \u00eendeplinirea obiectivelor pentru anul 2021 \u0219i la realizarea \u0219i dep\u0103\u0219irea indicatorilor de proiect. O descriere sintetic\u0103 a principalelor activit\u0103\u021bi desf\u0103\u0219urate \u00een aceast\u0103 etap\u0103 este prezentat\u0103 \u00een urm\u0103toarele paragrafe.<\/p>\n\n\n\n<p><strong>Prima activitate<\/strong> realizat\u0103 se refer\u0103 la analiza performan\u021belor tehnice \u0219i de mediu actuale ale proceselor de epurare a apelor uzate pentru eliminarea poluan\u021bilor prioritari \u0219i emergen\u021bi. Pentru aceasta s-a efectuat o analiza tehnic\u0103 care include corela\u021bia dintre etapele procesului, schema tehnologic\u0103 \u0219i eficien\u021ba elimin\u0103rii poluan\u021bilor considera\u0163i. Au fost prezentate principalele procese avansate de epurare utilizate pentru eliminarea poluan\u021bilor model, precum \u0219i eficien\u021ba acestora. Ulterior, au fost analizate profiluri de sustenabilitate determinate cu ajutorul metodologiei de evaluare a ciclului de via\u0163\u0103 care permite evaluarea impacturilor complexe asupra mediului pentru procesele avansate de epurare a apelor uzate care con\u0163in poluan\u021bi prioritari\/emergen\u021bi. Activitatea A.1.1. se \u00eencheie cu o planificare a celor mai importante date necesare pentru evaluarea performan\u021belor de mediu, date colectate de la sinteza \u0219i testarea materialelor inovative utilizate pentru eliminarea poluan\u021bilor prioritari si emergenti din apele uzate.<\/p>\n\n\n\n<p><strong>Activitatea A.1.2.<\/strong> prezint\u0103 2 metode de ob\u021binere a materialelor inovative cu miez anorganic \u0219i \u00eenveli\u0219 polielectrolitic, \u0219i anume: a) un protocol \u00een mai multe etape, utiliz\u00e2nd metoda strat-cu-strat, IS\/(PC\/PA)n, controlat\u0103 de condi\u021biile de depunere (num\u0103rul de straturi) \u0219i tipul de polielectrolit depus; b) un protocol \u00eentr-o singur\u0103 etap\u0103, prin depunerea coacervatului format din complec\u0219i polielectrolitici IS\/(PC\/PA)c, controlat de structura polimerilor (combina\u021bia dintre toate PA si PC) \u0219i de concentra\u021bia ini\u021bial\u0103 de polimer. Structurile organice au fost stabilizate prin reticulare chimic\u0103 \u0219i tratament termic.<\/p>\n\n\n\n<p>\u00cen cadrul<strong> Activit\u0103\u021bii A.1.3. <\/strong>sunt prezentate informa\u021bii referitoare la caracterizarea materialelor adsorbante inovative de tip compozit. Metodele de caracterizare utilizate au fost: titrarea potentiometric\u0103, titrarea polielectrolitic\u0103, microscopia electronic\u0103 de baleiaj SEM echipat\u0103 cu analizor EDAX, spectroscopia FTIR \u0219i analiza termogravimetric\u0103.<\/p>\n\n\n\n<p><a href=\"#top\" data-type=\"internal\" data-id=\"#top\">go to top<\/a><\/p>\n\n\n\n<h1 id=\"indicatori\">Indicatori de rezultat<\/h1>\n\n\n\n<h2>Articole \u0219tiintifice<\/h2>\n\n\n\n<ol><li><span style=\"font-size: revert;\">Petrila L-M., Buc\u0103tariu F., Mihai M*., Teodosiu C*., 2021, Polyelectrolyte multilayers: an overview on fabrication, properties, and biomedical and environmental applications, <\/span><em style=\"font-size: revert;\">Materials<\/em><span style=\"font-size: revert;\">, 14, 4152. ((<strong>FI =3.623, zona rosie, Q1<\/strong>), articol premiat UEFISCDI in anul 2021), DOI: <\/span><a style=\"font-size: revert;\" href=\"https:\/\/doi.org\/10.3390\/ma14154152\">https:\/\/doi.org\/10.3390\/ma14154152<\/a><\/li><li><span style=\"font-size: revert;\">Buc\u0103tariu F., Teodosiu C*., Morosanu I., Fighir D., Ciobanu R., Petrila L-M., Mihai M*., <\/span>2021<span style=\"font-size: revert;\">, <\/span>An overview on composite sorbents based on polyelectrolytes used in advanced wastewater treatment<span style=\"font-size: revert;\">, <\/span><em style=\"font-size: revert;\">Polymers<\/em><span style=\"font-size: revert;\">, 13, 3963. (<strong>FI =4.329, zona rosie, Q1<\/strong>)<\/span>, <span style=\"font-size: revert;\">DOI: <\/span><a style=\"font-size: revert;\" href=\"https:\/\/doi.org\/10.3390\/polym13223963\">https:\/\/doi.org\/10.3390\/polym13223963<\/a><\/li><li><span style=\"font-size: revert;\">Buc\u0103tariu&nbsp; F., Petrila L-M, Teodosiu C*., Mihai M*, <\/span>2021<strong style=\"font-size: revert;\">.<\/strong><span style=\"font-size: revert;\"> <\/span>Versatile nanostructured SiO2\/cross-linked polyelectrolyte composites for emerging pollutants removal from aqueous media<span style=\"font-size: revert;\">&nbsp;(in review la <\/span><em style=\"font-size: revert;\">Comptes Rendus Chimie,<\/em><span style=\"font-size: revert;\"> Elsevier), FI = <strong>3.117<\/strong>, zona galbena, Q2).<\/span> <\/li><\/ol>\n\n\n\n<h2>Alte publicatii:<\/h2>\n\n\n\n<ol><li>B\u00e2rjoveanu G., Teodosiu C., Mihai M., Moro\u0219anu I., Fighir D., Vasiliu A-M., Bucatariu F. 2021. <strong>Life cycle assessment for eco-design in product development<\/strong>, in: <em>Assessing the sustainability progress: frameworks, tools and case studies, Editors: Teodosiu C., Fiore S., Hospido A.<\/em>, (publicat de Elsevier contract no. 846739), ISBN: 606798 (data estimata a aparitiei Aprilie 2022). <\/li><\/ol>\n\n\n\n<h2>Comunicari stiintifice<\/h2>\n\n\n\n<ol type=\"1\"><li>Bucatariu F.,&nbsp; Zaharia M., Mihai M., <strong>Single polyelectrolyte multilayers deposited on silica microparticles with enhanced loading\/release properties for different pollutants<\/strong>; <em>Bucharest Polymer Conference 2<sup>nd<\/sup> Edition<\/em>, University POLITEHNICA of Bucharest, Romania, 10-11.06.2021;<\/li><li>B\u00e2rjoveanu G., Bucatariu F., Teodosiu C., Mihai M.,&nbsp;2021, <strong>Environmental performances assessment of synthesis and testing of Silica\/\/(PEI) composite microparticles used for heavy metal ions removal from wastewater<\/strong>, <em>Conferin\u021ba International\u0103 IWA EcoSTP 2021 \u201cImpacting the environment with innovation in wastewater treatment\u201d<\/em>, Milan, Italy &#8211; 21-25 Iunie, 2021&nbsp;<\/li><li>Teodosiu C., Bucatariu F., Fighir D., Morosanu I., Ciobanu R., P\u0103duraru C., Mihai M.,&nbsp;2021,&nbsp;<strong>Sustainable use of composite sorbents to remove emerging and priority pollutants in advanced wastewater treatment processes<\/strong>,&nbsp;11<sup>th<\/sup>&nbsp;International Conference on Environmental Engineering and Management, ICEEM11, 8-10 Septembrie 2021, Muttenz, Elvetia&nbsp;<\/li><li>Mihai M., Petrila L-M., Trofin M-A., Zaharia M-M., Bucatariu F., 2021, <strong>Daisogel\/(polycation\/polyanion) <sub>n<\/sub> composite microparticles with affinity for emerging pollutants<\/strong>, 11<sup>th<\/sup>&nbsp;International Conference on Environmental Engineering and Management, ICEEM11, 8-10 Septembrie 2021, Muttenz, Elve\u021bia&nbsp;<\/li><li>Petrila L.-M., Bucatariu F., Mihai M., <strong>Silica\/polyelectrolyte sorbents for the removal of organic pollutants<\/strong>, Ph.D. Students\u2019 Days, First Edition (online), November 26, 2021 Arad, Romania<\/li><\/ol>\n\n\n\n<h2>Stagii de cercetare:<\/h2>\n\n\n\n<p>24.10.2021-07.11.2021, dr.habil. Marcela Mihai la Leibniz-Institut fur Polymerforschung e.V., Dresda, Germania<\/p>\n\n\n\n<h2>Workshop-uri<\/h2>\n\n\n\n<p>Workshop ini\u021biere a proiectului organizat online in data de 11.02.2021<\/p>\n\n\n\n<p><a href=\"#top\" data-type=\"internal\" data-id=\"#top\">go to top<\/a><\/p>\n\n\n\n<p><\/p>\n","protected":false},"excerpt":{"rendered":"<p>Rezumatul etapei I (2021) \/ Indicatori de rezultat go to: Rezultate Etapa 2 \/ Rezultate etapa 3 \/ English version \/ Download Rezumat RST Etapa 1 2021 Rezumatul Etapei I (2021) \u00cen cadrul Etapei 1 (2021) a proiectului intitulat Solu\u0163ii inovative \u0219i sustenabile pentru eliminarea poluan\u021bilor prioritari \u0219i emergen\u021bi prin procese de epurare avansat\u0103 a &hellip; <a href=\"https:\/\/sustinwater.icpm.tuiasi.ro\/index.php\/rezultatele-proiectului\/etapa-1\/\" class=\"more-link\">Continue reading <span class=\"screen-reader-text\">Rezultate Etapa 1 (2021)<\/span><\/a><\/p>\n","protected":false},"author":1,"featured_media":0,"parent":361,"menu_order":0,"comment_status":"closed","ping_status":"closed","template":"","meta":[],"_links":{"self":[{"href":"https:\/\/sustinwater.icpm.tuiasi.ro\/index.php\/wp-json\/wp\/v2\/pages\/1006"}],"collection":[{"href":"https:\/\/sustinwater.icpm.tuiasi.ro\/index.php\/wp-json\/wp\/v2\/pages"}],"about":[{"href":"https:\/\/sustinwater.icpm.tuiasi.ro\/index.php\/wp-json\/wp\/v2\/types\/page"}],"author":[{"embeddable":true,"href":"https:\/\/sustinwater.icpm.tuiasi.ro\/index.php\/wp-json\/wp\/v2\/users\/1"}],"replies":[{"embeddable":true,"href":"https:\/\/sustinwater.icpm.tuiasi.ro\/index.php\/wp-json\/wp\/v2\/comments?post=1006"}],"version-history":[{"count":16,"href":"https:\/\/sustinwater.icpm.tuiasi.ro\/index.php\/wp-json\/wp\/v2\/pages\/1006\/revisions"}],"predecessor-version":[{"id":1204,"href":"https:\/\/sustinwater.icpm.tuiasi.ro\/index.php\/wp-json\/wp\/v2\/pages\/1006\/revisions\/1204"}],"up":[{"embeddable":true,"href":"https:\/\/sustinwater.icpm.tuiasi.ro\/index.php\/wp-json\/wp\/v2\/pages\/361"}],"wp:attachment":[{"href":"https:\/\/sustinwater.icpm.tuiasi.ro\/index.php\/wp-json\/wp\/v2\/media?parent=1006"}],"curies":[{"name":"wp","href":"https:\/\/api.w.org\/{rel}","templated":true}]}}